{"id":407,"date":"2021-08-12T16:07:37","date_gmt":"2021-08-12T14:07:37","guid":{"rendered":"https:\/\/tvdberg.nl\/?page_id=407"},"modified":"2026-02-23T12:09:53","modified_gmt":"2026-02-23T11:09:53","slug":"nog-een-dag","status":"publish","type":"page","link":"https:\/\/tvdberg.nl\/?page_id=407","title":{"rendered":"nog \u00e9\u00e9n dag"},"content":{"rendered":"\n<div class=\"wp-block-media-text alignwide has-media-on-the-right is-stacked-on-mobile\" style=\"grid-template-columns:auto 26%\"><div class=\"wp-block-media-text__content\">\n<p><em>Nog \u00e9\u00e9n dag<\/em> is mijn eerste (kinder)boek, voor kinderen tussen de 9 en 12 jaar. Het is eind oktober 2021 verschenen bij Uitgeverij Condor. Er bestaat ook een e-book en een luisterversie van Nog \u00e9\u00e9n dag.<\/p>\n\n\n\n<p>Nog \u00e9\u00e9n dag gaat over Finn, die keer op keer dezelfde dag beleeft. Niet zomaar een dag: hij speelt een belangrijke voetbalfinale en is getuige van een brutale ontvoering. Met hulp uit onverwachte hoek probeert hij de ontvoering te voorkomen. Daarvoor moet hij wel leren om zijn woede-uitbarstingen tijdens het voetballen onder controle te houden.<\/p>\n\n\n\n<p><a href=\"https:\/\/www.kinderboeken.nl\/boek\/nog-een-dag\/\" data-type=\"URL\" data-id=\"https:\/\/www.kinderboeken.nl\/boek\/nog-een-dag\/\">Lees meer en bestel het boek op kinderboeken.nl.<\/a> <\/p>\n<\/div><figure class=\"wp-block-media-text__media\"><img loading=\"lazy\" decoding=\"async\" width=\"400\" height=\"566\" src=\"http:\/\/tvdberg.nl\/wp-content\/uploads\/2021\/08\/illustratie-helikopter.png\" alt=\"\" class=\"wp-image-384 size-full\" srcset=\"https:\/\/tvdberg.nl\/wp-content\/uploads\/2021\/08\/illustratie-helikopter.png 400w, https:\/\/tvdberg.nl\/wp-content\/uploads\/2021\/08\/illustratie-helikopter-212x300.png 212w\" sizes=\"auto, (max-width: 400px) 100vw, 400px\" \/><\/figure><\/div>\n\n\n\n<div class=\"wp-block-media-text alignwide is-stacked-on-mobile is-vertically-aligned-top\" style=\"grid-template-columns:28% auto\"><figure class=\"wp-block-media-text__media\"><img loading=\"lazy\" decoding=\"async\" width=\"489\" height=\"550\" src=\"https:\/\/tvdberg.nl\/wp-content\/uploads\/2022\/03\/Hotze-de-roosprijs-logo3.jpg\" alt=\"\" class=\"wp-image-472 size-full\" srcset=\"https:\/\/tvdberg.nl\/wp-content\/uploads\/2022\/03\/Hotze-de-roosprijs-logo3.jpg 489w, https:\/\/tvdberg.nl\/wp-content\/uploads\/2022\/03\/Hotze-de-roosprijs-logo3-267x300.jpg 267w\" sizes=\"auto, (max-width: 489px) 100vw, 489px\" \/><\/figure><div class=\"wp-block-media-text__content\">\n<h1 class=\"wp-block-heading\">Aandacht voor Nog \u00e9\u00e9n dag<\/h1>\n\n\n\n<p>Nog \u00e9\u00e9n dag zat begin 2022 bij de laatste drie finalisten van de <a href=\"https:\/\/www.hotzederoosprijs.nl\">Hotze de Roosprijs<\/a>, de prijs voor het beste kinderboekdebuut! Helaas ging een ander boek (Dwars &amp; Co) er met de prijs vandoor. Lees in dit <a href=\"http:\/\/tvdberg.nl\/wp-content\/uploads\/2022\/09\/artikel-hotze-de-roosprijs.pdf\" data-type=\"URL\" data-id=\"http:\/\/tvdberg.nl\/wp-content\/uploads\/2022\/09\/artikel-hotze-de-roosprijs.pdf\">artikel van het Noord-Hollands Dagblad<\/a> meer over de uitreiking.<\/p>\n\n\n\n<p>Verder ben ik paar keer ge\u00efnterviewd over Nog \u00e9\u00e9n dag. Onder andere voor:<\/p>\n\n\n\n<ul class=\"wp-block-list\">\n<li><a href=\"https:\/\/www.youtube.com\/watch?v=iKusFkKdYic&amp;list=LL&amp;index=2&amp;t=17s\">Omroep West<\/a><\/li>\n\n\n\n<li><a href=\"http:\/\/tvdberg.nl\/wp-content\/uploads\/2022\/03\/Leids20Nieuwsblad20Stad204-11-2021-scaled.jpg\">Leids Nieuwsblad<\/a><\/li>\n\n\n\n<li><a href=\"https:\/\/www.schrijfvis.nl\/kinderboek-tim\/\">Schrijfvis-podcast<\/a><\/li>\n\n\n\n<li><a href=\"https:\/\/www.kinderboeken.nl\/inspiratie\/dubbelinterview-nog-een-dag\/\">Kinderboeken.nl<\/a><\/li>\n<\/ul>\n\n\n\n<p>Ook leuk: Nog \u00e9\u00e9n dag is opgenomen in de <a href=\"https:\/\/s3.amazonaws.com\/sboo\/100-lijst%202022%20met%20voorblad.pdf\">100-lijst 2022<\/a> van Schoolbieb Op Orde. En in <a href=\"https:\/\/www.dewaanzinnigepodcast.nl\/antileesdiptip4\/\" data-type=\"URL\" data-id=\"https:\/\/www.dewaanzinnigepodcast.nl\/antileesdiptip4\/\">De Waanzinnige Podcast<\/a> (een podcast over kinderboeken) tipt de 11-jarige Adjeno Nog \u00e9\u00e9n dag als zijn antileesdiptip!<\/p>\n\n\n\n<p><\/p>\n\n\n\n<p><\/p>\n<\/div><\/div>\n\n\n\n<div class=\"wp-block-media-text alignwide has-media-on-the-right is-stacked-on-mobile is-vertically-aligned-top\" style=\"grid-template-columns:auto 23%\"><div class=\"wp-block-media-text__content\">\n<h1 class=\"wp-block-heading\">Boekenbeurt<\/h1>\n\n\n\n<p>Hou jij je boekenbeurt over Nog \u00e9\u00e9n dag? Wat leuk! Hieronder heb ik alvast een paar veelgestelde vragen beantwoord. Heb je nog meer vragen? Dan kun je die mailen naar <a href=\"mailto:tim@tvdberg.nl\">tim@tvdberg.nl<\/a>. Je kan mij dan ook vragen om een stapeltje boekenleggers, die je uit kan delen in je klas.<\/p>\n\n\n\n<p><em>Waar en wanneer ben je geboren?<\/em><br>Op 2 maart 1980 in Voorburg.<\/p>\n\n\n\n<p><em>Hoe lang heb je er ongeveer over gedaan om dit boek te schrijven?<\/em><br>Alles bij elkaar ruim twee jaar. Ik heb eerst het hele verhaal bedacht en het daarna in ongeveer een maand opgeschreven. Daarna heb ik nog veel stukken aangepast. Tussendoor heb ik er ook een tijd niet aan gewerkt (omdat ik het te druk had met andere dingen).<\/p>\n\n\n\n<p><em>Hoe ben je op het idee voor het verhaal gekomen?<\/em><br>Het idee voor Nog \u00e9\u00e9n dag komt vooral van de film Groundhog Day. Daarin beleeft een man dezelfde dag steeds opnieuw. Hij zit bij elkaar jaren in de timeloop. Dan vallen die paar dagen van Finn wel mee!<\/p>\n\n\n\n<p><em>Wat is jouw lievelingsboek?<\/em><br>Ik vind de Harry Potter-boeken heel leuk, maar ook bijvoorbeeld Lord of the Rings of The Stand (van Stephen King).<\/p>\n\n\n\n<p><em>Wie is Opalonis?<\/em><br>Dat is mijn schoonvader, dus de vader van mijn vrouw. Hij schreef ook boeken. Soms deed hij voor de grap of hij een superheld was en dan noemde hij zichzelf &#8216;Pappalonis&#8217; of &#8216;Opalonis&#8217;. Een paar jaar geleden is hij overleden. Voor zijn uitvaartdienst heb ik een kort verhaaltje geschreven en voorgelezen. Dat heette &#8216;opa in de wolken&#8217;. Daarna vertelden veel mensen dat ze het verhaal zo mooi vonden. En ze vonden dat ik een keer een kinderboek zou moeten schrijven. Zo ben ik begonnen aan Nog \u00e9\u00e9n dag. Die opa in de wolken komt weer terug in Nog \u00e9\u00e9n dag.<\/p>\n\n\n\n<p><em>Ga je nog meer boeken schrijven?<\/em><br>Ja. Ik ben een tijdje bezig geweest met een kinderboek over superhelden, maar daar kwam ik niet helemaal uit. Ik werk nu aan een thriller voor volwassenen. Even geen kinderboek dus.<\/p>\n<\/div><figure class=\"wp-block-media-text__media\"><img loading=\"lazy\" decoding=\"async\" width=\"415\" height=\"465\" src=\"http:\/\/tvdberg.nl\/wp-content\/uploads\/2021\/08\/omslag-3D.jpg\" alt=\"\" class=\"wp-image-394 size-full\" srcset=\"https:\/\/tvdberg.nl\/wp-content\/uploads\/2021\/08\/omslag-3D.jpg 415w, https:\/\/tvdberg.nl\/wp-content\/uploads\/2021\/08\/omslag-3D-268x300.jpg 268w\" sizes=\"auto, (max-width: 415px) 100vw, 415px\" \/><\/figure><\/div>\n\n\n\n<p><\/p>\n","protected":false},"excerpt":{"rendered":"<p>Nog \u00e9\u00e9n dag is mijn eerste (kinder)boek, voor kinderen tussen de 9 en 12 jaar. Het is eind oktober 2021 verschenen bij Uitgeverij Condor. Er bestaat ook een e-book en een luisterversie van Nog \u00e9\u00e9n dag. Nog \u00e9\u00e9n dag gaat over Finn, die keer op keer dezelfde dag beleeft. Niet zomaar een dag: hij speelt &hellip; <\/p>\n<p class=\"link-more\"><a href=\"https:\/\/tvdberg.nl\/?page_id=407\" class=\"more-link\">Lees verder <span class=\"screen-reader-text\">&#8220;nog \u00e9\u00e9n dag&#8221;<\/span><\/a><\/p>\n","protected":false},"author":1,"featured_media":0,"parent":0,"menu_order":0,"comment_status":"closed","ping_status":"closed","template":"","meta":{"footnotes":""},"class_list":["post-407","page","type-page","status-publish","hentry"],"_links":{"self":[{"href":"https:\/\/tvdberg.nl\/index.php?rest_route=\/wp\/v2\/pages\/407","targetHints":{"allow":["GET"]}}],"collection":[{"href":"https:\/\/tvdberg.nl\/index.php?rest_route=\/wp\/v2\/pages"}],"about":[{"href":"https:\/\/tvdberg.nl\/index.php?rest_route=\/wp\/v2\/types\/page"}],"author":[{"embeddable":true,"href":"https:\/\/tvdberg.nl\/index.php?rest_route=\/wp\/v2\/users\/1"}],"replies":[{"embeddable":true,"href":"https:\/\/tvdberg.nl\/index.php?rest_route=%2Fwp%2Fv2%2Fcomments&post=407"}],"version-history":[{"count":30,"href":"https:\/\/tvdberg.nl\/index.php?rest_route=\/wp\/v2\/pages\/407\/revisions"}],"predecessor-version":[{"id":550,"href":"https:\/\/tvdberg.nl\/index.php?rest_route=\/wp\/v2\/pages\/407\/revisions\/550"}],"wp:attachment":[{"href":"https:\/\/tvdberg.nl\/index.php?rest_route=%2Fwp%2Fv2%2Fmedia&parent=407"}],"curies":[{"name":"wp","href":"https:\/\/api.w.org\/{rel}","templated":true}]}}

nog één dag

<div class="wp-block-media-text alignwide has-media-on-the-right is-stacked-on-mobile" style="grid-template-columns:auto 26%"><div class="wp-block-media-text__content">
<p><em>Nog één dag</em> is mijn eerste (kinder)boek, voor kinderen tussen de 9 en 12 jaar. Het is eind oktober 2021 verschenen bij Uitgeverij Condor. Er bestaat ook een e-book en een luisterversie van Nog één dag.</p>



<p>Nog één dag gaat over Finn, die keer op keer dezelfde dag beleeft. Niet zomaar een dag: hij speelt een belangrijke voetbalfinale en is getuige van een brutale ontvoering. Met hulp uit onverwachte hoek probeert hij de ontvoering te voorkomen. Daarvoor moet hij wel leren om zijn woede-uitbarstingen tijdens het voetballen onder controle te houden.</p>



<p><a href="https://www.kinderboeken.nl/boek/nog-een-dag/" data-type="URL" data-id="https://www.kinderboeken.nl/boek/nog-een-dag/">Lees meer en bestel het boek op kinderboeken.nl.</a> </p>
</div><figure class="wp-block-media-text__media"><img loading="lazy" decoding="async" width="400" height="566" src="http://tvdberg.nl/wp-content/uploads/2021/08/illustratie-helikopter.png" alt="" class="wp-image-384 size-full" srcset="https://tvdberg.nl/wp-content/uploads/2021/08/illustratie-helikopter.png 400w, https://tvdberg.nl/wp-content/uploads/2021/08/illustratie-helikopter-212x300.png 212w" sizes="auto, (max-width: 400px) 100vw, 400px" /></figure></div>



<div class="wp-block-media-text alignwide is-stacked-on-mobile is-vertically-aligned-top" style="grid-template-columns:28% auto"><figure class="wp-block-media-text__media"><img loading="lazy" decoding="async" width="489" height="550" src="https://tvdberg.nl/wp-content/uploads/2022/03/Hotze-de-roosprijs-logo3.jpg" alt="" class="wp-image-472 size-full" srcset="https://tvdberg.nl/wp-content/uploads/2022/03/Hotze-de-roosprijs-logo3.jpg 489w, https://tvdberg.nl/wp-content/uploads/2022/03/Hotze-de-roosprijs-logo3-267x300.jpg 267w" sizes="auto, (max-width: 489px) 100vw, 489px" /></figure><div class="wp-block-media-text__content">
<h1 class="wp-block-heading">Aandacht voor Nog één dag</h1>



<p>Nog één dag zat begin 2022 bij de laatste drie finalisten van de <a href="https://www.hotzederoosprijs.nl">Hotze de Roosprijs</a>, de prijs voor het beste kinderboekdebuut! Helaas ging een ander boek (Dwars &amp; Co) er met de prijs vandoor. Lees in dit <a href="http://tvdberg.nl/wp-content/uploads/2022/09/artikel-hotze-de-roosprijs.pdf" data-type="URL" data-id="http://tvdberg.nl/wp-content/uploads/2022/09/artikel-hotze-de-roosprijs.pdf">artikel van het Noord-Hollands Dagblad</a> meer over de uitreiking.</p>



<p>Verder ben ik paar keer geïnterviewd over Nog één dag. Onder andere voor:</p>



<ul class="wp-block-list">
<li><a href="https://www.youtube.com/watch?v=iKusFkKdYic&amp;list=LL&amp;index=2&amp;t=17s">Omroep West</a></li>



<li><a href="http://tvdberg.nl/wp-content/uploads/2022/03/Leids20Nieuwsblad20Stad204-11-2021-scaled.jpg">Leids Nieuwsblad</a></li>



<li><a href="https://www.schrijfvis.nl/kinderboek-tim/">Schrijfvis-podcast</a></li>



<li><a href="https://www.kinderboeken.nl/inspiratie/dubbelinterview-nog-een-dag/">Kinderboeken.nl</a></li>
</ul>



<p>Ook leuk: Nog één dag is opgenomen in de <a href="https://s3.amazonaws.com/sboo/100-lijst%202022%20met%20voorblad.pdf">100-lijst 2022</a> van Schoolbieb Op Orde. En in <a href="https://www.dewaanzinnigepodcast.nl/antileesdiptip4/" data-type="URL" data-id="https://www.dewaanzinnigepodcast.nl/antileesdiptip4/">De Waanzinnige Podcast</a> (een podcast over kinderboeken) tipt de 11-jarige Adjeno Nog één dag als zijn antileesdiptip!</p>



<p></p>



<p></p>
</div></div>



<div class="wp-block-media-text alignwide has-media-on-the-right is-stacked-on-mobile is-vertically-aligned-top" style="grid-template-columns:auto 23%"><div class="wp-block-media-text__content">
<h1 class="wp-block-heading">Boekenbeurt</h1>



<p>Hou jij je boekenbeurt over Nog één dag? Wat leuk! Hieronder heb ik alvast een paar veelgestelde vragen beantwoord. Heb je nog meer vragen? Dan kun je die mailen naar <a href="mailto:tim@tvdberg.nl">tim@tvdberg.nl</a>. Je kan mij dan ook vragen om een stapeltje boekenleggers, die je uit kan delen in je klas.</p>



<p><em>Waar en wanneer ben je geboren?</em><br>Op 2 maart 1980 in Voorburg.</p>



<p><em>Hoe lang heb je er ongeveer over gedaan om dit boek te schrijven?</em><br>Alles bij elkaar ruim twee jaar. Ik heb eerst het hele verhaal bedacht en het daarna in ongeveer een maand opgeschreven. Daarna heb ik nog veel stukken aangepast. Tussendoor heb ik er ook een tijd niet aan gewerkt (omdat ik het te druk had met andere dingen).</p>



<p><em>Hoe ben je op het idee voor het verhaal gekomen?</em><br>Het idee voor Nog één dag komt vooral van de film Groundhog Day. Daarin beleeft een man dezelfde dag steeds opnieuw. Hij zit bij elkaar jaren in de timeloop. Dan vallen die paar dagen van Finn wel mee!</p>



<p><em>Wat is jouw lievelingsboek?</em><br>Ik vind de Harry Potter-boeken heel leuk, maar ook bijvoorbeeld Lord of the Rings of The Stand (van Stephen King).</p>



<p><em>Wie is Opalonis?</em><br>Dat is mijn schoonvader, dus de vader van mijn vrouw. Hij schreef ook boeken. Soms deed hij voor de grap of hij een superheld was en dan noemde hij zichzelf &#8216;Pappalonis&#8217; of &#8216;Opalonis&#8217;. Een paar jaar geleden is hij overleden. Voor zijn uitvaartdienst heb ik een kort verhaaltje geschreven en voorgelezen. Dat heette &#8216;opa in de wolken&#8217;. Daarna vertelden veel mensen dat ze het verhaal zo mooi vonden. En ze vonden dat ik een keer een kinderboek zou moeten schrijven. Zo ben ik begonnen aan Nog één dag. Die opa in de wolken komt weer terug in Nog één dag.</p>



<p><em>Ga je nog meer boeken schrijven?</em><br>Ja. Ik ben een tijdje bezig geweest met een kinderboek over superhelden, maar daar kwam ik niet helemaal uit. Ik werk nu aan een thriller voor volwassenen. Even geen kinderboek dus.</p>
</div><figure class="wp-block-media-text__media"><img loading="lazy" decoding="async" width="415" height="465" src="http://tvdberg.nl/wp-content/uploads/2021/08/omslag-3D.jpg" alt="" class="wp-image-394 size-full" srcset="https://tvdberg.nl/wp-content/uploads/2021/08/omslag-3D.jpg 415w, https://tvdberg.nl/wp-content/uploads/2021/08/omslag-3D-268x300.jpg 268w" sizes="auto, (max-width: 415px) 100vw, 415px" /></figure></div>



<p></p>

<p>Nog één dag is mijn eerste (kinder)boek, voor kinderen tussen de 9 en 12 jaar. Het is eind oktober 2021 verschenen bij Uitgeverij Condor. Er bestaat ook een e-book en een luisterversie van Nog één dag. Nog één dag gaat over Finn, die keer op keer dezelfde dag beleeft. Niet zomaar een dag: hij speelt &hellip; </p>
<p class="link-more"><a href="https://tvdberg.nl/?page_id=407" class="more-link">Lees verder <span class="screen-reader-text">&#8220;nog één dag&#8221;</span></a></p>
